 2*m - 1624. Calculate w(-4).
22
Let a(o) = -o**2 - 6*o + 4. Let g be a(-5). Suppose -g*j + 14 + 4 = 0. Let q(f) = f**j - 11*f**2 + 3 + 25*f - 25*f - f**3. Calculate q(-10).
3
Let q(t) = 15348*t**2 - 7684*t**2 - t**3 - 7682*t**2 - 13*t + 15. Determine q(-17).
-53
Let g = -16155 + 16143. Let v(k) = -7*k - 83. Calculate v(g).
1
Let i(j) = 55*j - 171. Let b be i(3). Let p(v) = v**2 + 12*v + 33. Calculate p(b).
-3
Let d(r) = -r**2 - 7*r - 17. Let f = -2167 + 2164. Calculate d(f).
-5
Suppose 58*o + 275 = 3*o. Let k(w) = w - 1. Suppose 3 - 8 = 5*v. Let g(j) = -3*j**2 - 7*j + 3. Let c(h) = o*k(h) + v*g(h). Calculate c(-2).
10
Let k(v) be the second derivative of v**4/2 - v**3/6 - v**2/2 - 157*v - 190. Let x = 3 + -5. Determine k(x).
25
Let d = 1618 - 1642. Let v(w) = -w**2 - 27*w - 66. Give v(d).
6
Let d be 6/(-2*1)*-1. Let s(v) = -v**2 + v - 1. Let n(u) = 2*u**2 - u + 3. Let f(z) = d*s(z) + n(z). Let r be (-8)/(-3)*((-3)/7)/((-608)/1064). What is f(r)?
0
Let v(s) = s**3 + 6*s**2 + 2*s. Let i(r) be the second derivative of 3*r**5/10 + 17*r**3/6 + 17*r**2/2 + 126*r. Let d be i(-1). Calculate v(d).
-12
Let i(u) = u. Suppose 3*x - 18 = x - 4*l, 4*x + 8 = 3*l. Let n be (0*3/(-3))/(0 + x). Suppose n = -4*p - 3 - 9. Calculate i(p).
-3
Let x(z) = 59 - 126 + 64 + z. Let w(q) = -2*q**2 + q + 6. Let f(u) = -5*u**2 + u + 13. Let t(r) = -3*f(r) + 7*w(r). Let p be t(-4). Calculate x(p).
0
Let w(h) = -h + 3. Suppose -2*k + 7 = u, -1 = u - k + 1. Let r be ((-40)/(-2))/5 - u. Give w(r).
0
Suppose 9*u + 9*u - 100 = 28*u. Let z(g) = 11*g + 112. Calculate z(u).
2
Let l(x) be the third derivative of -x**6/120 + x**5/12 - x**4/4 + x**3/3 - 5*x**2. Let u be -1*2/(-2) - (-39)/13. Give l(u).
-6
Let m(n) be the second derivative of n**4/6 + n**3/6 - n**2/2 + 30*n. Let t(z) = -7*z**2 - 4*z + 9. Let d(f) = 4*m(f) + t(f). What is d(0)?
5
Suppose 4*g - 5*b = -211, b + 3*b = -g - 58. Let c = g + 47. Let i(a) = -6 - 5 + 4 - 3*a. Give i(c).
14
Let l(n) = -n + 1. Let s be l(8). Let f(g) = -g**2 - 7*g + 15. Let m be f(-7). Let t(k) = -5 + 13 + k**2 - 7*k + m*k + k. What is t(s)?
-6
Let l(p) = 7*p**3 - 11*p**2 + 33*p + 23. Let k(g) = -13*g**3 + 22*g**2 - 65*g - 45. Let w(q) = -6*k(q) - 11*l(q). What is w(5)?
2
Let d(x) = -x**2 - 2*x + 2. Suppose -8*l = -799 - 961. Suppose -k + 55 = 3*z, 3*k + k - l = -5*z. Let p be (-10)/(-3)*(-66)/k. Give d(p).
-6
Let v(g) be the first derivative of -3/2*g**2 + 23 + 0*g**3 + 1/4*g**4 + 3*g. Determine v(-3).
-15
Let h be 6 + (-9)/3 + 2. Suppose 0 = -h*d + j + 3, 0*d = 5*d - 4*j + 3. Let t(q) = -4*q - 3*q + 1 + 6*q - 12*q**2. What is t(d)?
-12
Let r = -31 - -31. Suppose r = -4*y + 5*y - 4. Let s(p) = p**2 - 3*p - 2. Calculate s(y).
2
Let x(m) = m**2 + 7*m + 3. Let v be x(-4). Let c(o) be the third derivative of o**6/120 + 3*o**5/20 - o**4/24 + o**3/2 + 122*o**2 - 5. Determine c(v).
12
Suppose -a - 2*k + 1 = 0, -14 = 5*a - 4*k + 37. Let w(x) = x**3 - 2*x**2 - 2*x + 5. Let d be w(0). Let z(l) = -1 + 20*l + d - 21*l. Give z(a).
11
Let l = -101 + 65. Let x be (2/6)/(((-8)/l)/(-2)). Let o(w) = w**2 + 7*w + 6. Give o(x).
-6
Let q(r) = -r**2 + 34*r - 175. Let g(x) = x + 1. Let s(b) = 6*g(b) - q(b). Calculate s(11).
-6
Let q(w) = -w - 5. Let a(p) = -7*p - 41. Let n(m) = -a(m) + 5*q(m). Suppose -5*y - 35 = -0*y. Give n(y).
2
Suppose 0 = -5*l + 147 - 92. Let a(o) = 18 + o - l - o**2 + 3*o. Determine a(8).
-25
Let n(r) = 7*r**3 + 34*r**2 + 135*r + 42. Let u(w) = -31*w**3 - 134*w**2 - 539*w - 172. Let k(i) = -9*n(i) - 2*u(i). Determine k(-34).
0
Let t(x) be the first derivative of -2*x**3/3 + 15*x**2 + 9*x - 971. Determine t(16).
-23
Let l(z) = -17*z - 70718*z**2 + 70715*z**2 + 42*z - 11 - 11. Calculate l(7).
6
Let m(q) = -q**3 - 8*q**2 - 1. Suppose -4*y - 3*r = -7*r - 168, 5*y - 3*r - 218 = 0. Suppose 122 = 4*x - y. Suppose 5*n - x = 4*t, 4*n + 4 = 6*n. Give m(t).
-1
Let h(w) be the third derivative of -w**6/120 + w**5/15 + w**4/4 - 25*w**3/6 - 16*w**2 + 25. What is h(3)?
2
Let s(z) = 4*z**3 - 12*z**2 + 12*z**3 - 9*z**3 - 8*z**3 - 13 - 12*z. Suppose -40*q - 143 = -27*q. Calculate s(q).
-2
Suppose -5 - 1 = m - 3*k, -2 = -3*m + 4*k. Let z(x) = -m*x**3 + 4*x**2 + x**3 + 6 + 4*x**3 + 13 + 2*x - 14. Calculate z(5).
-10
Let j(r) = 5*r + 3*r - 7 - 1 - 5*r. Let n = 20 - 46. Let s = n - -33. Determine j(s).
13
Suppose 5*r - z = 9*r - 138, -2*r + z + 66 = 0. Let l(h) = h + r + 27 - 56. Calculate l(0).
5
Suppose -3*h - 20 = 2*h. Let y be (-2)/6 - h/(-6). Let j(l) be the first derivative of -9*l**4/4 - 2*l**3/3 - l**2/2 - 1023451. Give j(y).
8
Let n(q) be the third derivative of -q**4/24 + 17*q**3/3 - 16*q**2. Let r be n(0). Let z(b) = -29*b - r*b + 66*b. What is z(-1)?
-3
Let a = -2621 - -2592. Let k(c) = c**3 + 29*c**2 - 2*c - 56. Calculate k(a).
2
Let p(v) = 3*v + 6*v - 1 + 2. Let g = -360 + 652. Let q = -290 + g. Give p(q).
19
Let g(k) = -k**3 + 15*k**2 - 2*k + 24. Let m be g(15). Let h(q) = 57*q - 9. Let i(r) = 20*r - 3. Let s(d) = m*h(d) + 17*i(d). Give s(0).
3
Let z be 0 + 644/69 + 3/(-9) + -7. Let h(l) = 40*l - 70. Calculate h(z).
10
Let m be 20/(-3)*(2 - (-22)/(-8)). Let w(g) = -6*g. Determine w(m).
-30
Let r(i) = i**2 - 10*i - 2. Let v(h) = -h**2 - 23*h - 10. Let n be v(-23). Let s be ((-28)/n)/((-52)/(-130)). Give r(s).
-23
Let z(y) = -13*y + 57. Suppose -5*c = 6 + 19. Let j(s) = -8*s + 29. Let g(p) = c*j(p) + 3*z(p). What is g(-11)?
15
Let h(k) = -14*k + 115. Let m be h(8). Let l(q) = -m*q - 3*q + 53 + 4*q - 43 + 0*q. Give l(0).
10
Let k(i) = 6*i**2 + 27*i + 32. Let t be k(-6). Let b be (-516)/t + (-2 + 9 - 2). Let a(m) be the third derivative of 3*m**4/8 + m**2. What is a(b)?
-9
Suppose 2*v + 3*r = 5, 11*v = -2*r + 18 + 24. Let f(i) be the second derivative of -8*i + 7/6*i**3 + 0 + 1/12*i**v - i**2. Calculate f(-7).
-2
Suppose -17*j - 4 = -19*j + 2*h, 3*j + 3*h + 24 = 0. Let v(a) = a**3 - 3*a + 8. Give v(j).
-10
Let v(u) = -4*u**3 + 8*u**2 + 7*u - 17. Let t(n) = n**3 - n. Let g(r) = 5*t(r) + v(r). What is g(-7)?
18
Let f(z) = 2*z + 7. Let p(h) = -1. Let i(u) = -f(u) + p(u). Suppose -6*w + 12*w - 30 = 0. Suppose d = 4*m + 29, 0 = -w*m + 8*d - 3*d - 25. What is i(m)?
8
Let h(f) = 12*f - 55. Suppose 5*k + 2*k = -165*k + 344. Give h(k).
-31
Let z(d) = d**3 + 9*d**2 - 21*d + 10. Let s(r) = -5*r**3 - 35*r**2 + 85*r - 44. Let g(k) = -2*s(k) - 9*z(k). What is g(9)?
7
Let i(c) = -18*c + 119. Let m(n) = 21*n - 137. Let z(g) = -15*i(g) - 13*m(g). Suppose -1 - 8 = 3*f. Calculate z(f).
5
Let w = -167 + 88. Let v = w + 83. Let i(a) = a**3 - 3*a**2 + 2*a + 4. Give i(v).
28
Let d(i) be the third derivative of i**4/12 - 5*i**3/6 + i**2. Suppose 227 - 3887 = -1220*r. Calculate d(r).
1
Suppose -1 = -3*z + 4*v, -v = z + v - 7. Suppose 5*k = z*k + 262. Let i(n) = 266*n + 7 + n**2 - k*n - 128*n. Give i(-5).
-3
Let h(o) be the third derivative of -1/6*o**3 + 7*o + 0 + o**2 - 1/24*o**4. What is h(4)?
-5
Let h(u) = -6*u**3 + 2*u**2 - 2*u + 1. Let m(l) = 17*l + 73. Let c be m(-12). Let i = 133 + c. Suppose i = -4*r + 6*r. Determine h(r).
-5
Let i = 55 + -60. Let s = 72 - 67. Let b(q) = 5*q**3 - 5*q - 3*q**2 + q**3 - s*q**3 + 7*q**2 - 2. Determine b(i).
-2
Let q be (0 + 15/(-10))/3 - 8/16. Let c(u) = -3*u**2 - 10*u + 1. What is c(q)?
8
Let r(f) = f**2 - 54*f - 167. Suppose 55 = g - 83*t + 81*t, 3*g - 162 = 9*t. Calculate r(g).
4
Suppose 314 = -11*g + 358. Let p(h) = -h**3 + h**2 + 2*h - 1. What is p(g)?
-41
Let i(z) = 41*z - 1. Suppose l = 5*l + 28*l. What is i(l)?
-1
Let w(a) = 118*a + 27*a - 122*a - 23*a**2 + a**3. Determine w(22).
22
Let i = 2327 + -2323. Let s(c) = -2*c**2 + 6*c + 3. Calculate s(i).
-5
Let l(b) = 6*b + 0*b**3 - 7 - 12*b**2 + 2*b**3 - 3*b. Suppose 3*d - 27 = 13*x - 16*x, -4*x + 18 = -2*d. Calculate l(x).
11
Let r(i) = -i**2 + 8*i - 8. Let l(y) be the third derivative of -y**5/60 + y**4/3 - 4*y**3/3 + 2*y**2 - 48. Let v(p) = 2*l(p) - 3*r(p). Determine v(9).
17
Let h(g) be the third derivative of -g**6/120 - g**5/5 + g**4/2 + 11*g**3/6 - g**2 + 217*g. Determine h(-13).
24
Let p = 3 - 3. Let n(k) be the first derivative of -1/2*k**2 + 0*k - 63. What is n(p)?
0
Let k(c) = -c**3 - 4*c**2 + 3*c - 2. Suppose 12 = 4*m - 0*p + 4*p, -9 = -3*m + 4*p. Suppose -m*b - 35 = -20. What is k(b)?
8
Let f(c) be the first derivative of -c**3/3 + 18*c**2 - 60*c - 943. What is f(34)?
8
